ed thousands digit of 519056231?
0
What is the ten millions digit of 31107931?
3
What is the millions digit of 474459033?
4
What is the hundreds digit of 688233598?
5
What is the tens digit of 51124417?
1
What is the hundred millions digit of 1443059228?
4
What is the tens digit of 2368726490?
9
What is the billions digit of 2510189699?
2
What is the millions digit of 1478300636?
8
What is the units digit of 40282081?
1
What is the units digit of 156131455?
5
What is the tens digit of 163395672?
7
What is the units digit of 500284448?
8
What is the ten thousands digit of 1149558074?
5
What is the hundreds digit of 478427119?
1
What is the millions digit of 43060250?
3
What is the ten thousands digit of 37350702?
5
What is the thousands digit of 406862156?
2
What is the hundreds digit of 100351279?
2
What is the millions digit of 35945033?
5
What is the hundreds digit of 1263732607?
6
What is the ten millions digit of 1613377177?
1
What is the units digit of 4766156043?
3
What is the hundred millions digit of 976860947?
9
What is the tens digit of 62361395?
9
What is the millions digit of 150293823?
0
What is the hundred millions digit of 3041814365?
0
What is the units digit of 1334437326?
6
What is the units digit of 84364931?
1
What is the millions digit of 267151943?
7
What is the hundred thousands digit of 242789345?
7
What is the units digit of 37661403?
3
What is the hundred thousands digit of 4416137765?
1
What is the hundred millions digit of 722518964?
7
What is the thousands digit of 162668091?
8
What is the tens digit of 940343522?
2
What is the billions digit of 1807817229?
1
What is the ten thousands digit of 789047444?
4
What is the hundred millions digit of 151737834?
1
What is the hundred thousands digit of 214671317?
6
What is the hundreds digit of 260797523?
5
What is the ten thousands digit of 54564472?
6
What is the tens digit of 273964243?
4
What is the ten thousands digit of 2749479267?
7
What is the ten millions digit of 697209563?
9
What is the hundred thousands digit of 2521981561?
9
What is the thousands digit of 95580285?
0
What is the ten millions digit of 337072782?
3
What is the ten thousands digit of 52203262?
0
What is the millions digit of 4122487911?
2
What is the millions digit of 15309829?
5
What is the billions digit of 2358525385?
2
What is the ten millions digit of 115624389?
1
What is the thousands digit of 418926072?
6
What is the hundreds digit of 37426024?
0
What is the hundred thousands digit of 32493111?
4
What is the ten thousands digit of 7209978117?
7
What is the ten millions digit of 213597030?
1
What is the ten thousands digit of 35670243?
7
What is the hundred millions digit of 844459398?
8
What is the thousands digit of 722744823?
4
What is the ten thousands digit of 659513350?
1
What is the millions digit of 1848861082?
8
What is the units digit of 867533155?
5
What is the hundred thousands digit of 9805101?
8
What is the units digit of 11167912?
2
What is the tens digit of 47038896?
9
What is the hundreds digit of 540299339?
3
What is the units digit of 147244269?
9
What is the units digit of 85121830?
0
What is the ten thousands digit of 426966025?
6
What is the millions digit of 6454813001?
4
What is the hundreds digit of 1893579460?
4
What is the hundreds digit of 14106418?
4
What is the ten thousands digit of 3184741756?
4
What is the tens digit of 354630249?
4
What is the hundreds digit of 143971689?
6
What is the ten millions digit of 200797694?
0
What is the hundred thousands digit of 248405892?
4
What is the ten millions digit of 371452599?
7
What is the millions digit of 193935330?
3
What is the tens digit of 320028487?
8
What is the tens digit of 59901288?
8
What is the millions digit of 1451988025?
1
What is the hundred thousands digit of 55944097?
9
What is the hundred thousands digit of 57584594?
5
What is the millions digit of 3691979?
3
What is the ten millions digit of 62807180?
6
What is the millions digit of 1499600539?
9
What is the tens digit of 64879531?
3
What is the thousands digit of 198215606?
5
What is the units digit of 445145185?
5
What is the thousands digit of 130625332?
5
What is the billions digit of 3899022401?
3
What is the billions digit of 3651375607?
3
What is the millions digit of 2289550564?
9
What is the millions digit of 479478676?
9
What is the hundreds digit of 134843622?
6
What is the thousands digit of 510472911?
2
What is the units digit of 87304235?
5
What is the units digit of 45613780?
0
What is the hundreds digit of 59676260?
2
What is the units digit of 45094155?
5
What is the ten millions digit of 48616873?
4
What is the tens digit of 100170030?
3
What is the tens digit of 75395604?
0
What is the hundred millions digit of 144309258?
1
What is the millions digit of 40893621?
0
What is the ten millions digit of 10082121?
1
What is the hundreds digit of 46751900?
9
What is the units digit of 260729641?
1
What is the tens digit of 61790632?
3
What is the hundred millions digit of 932150261?
9
What is the thousands digit of 51152810?
2
What is the hundreds digit of 77556161?
1
What is the tens digit of 662017454?
5
What is the ten millions digit of 49004658?
4
What is the tens digit of 45545949?
4
What is the millions digit of 1385626026?
5
What is the hundreds digit of 236485191?
1
What is the ten thousands digit of 95344969?
4
What is the tens digit of 2914848319?
1
What is the hundred millions digit of 763492690?
7
What is the units digit of 70997389?
9
What is the millions digit of 222962296?
2
What is the hundreds digit of 586240477?
4
What is the thousands digit of 91631724?
1
What is the thousands digit of 1534058841?
8
What is the hundred thousands digit of 5058418856?
4
What is the hundred thousands digit of 14660622?
6
What is the ten millions digit of 110759771?
1
What is the ten thousands digit of 7491292?
9
What is the ten thousands digit of 2522290495?
9
What is the hundred thousands digit of 8580559?
5
What is the thousands digit of 534906739?
6
What is the millions digit of 2605198854?
5
What is the ten thousands digit of 7420688987?
8
What is the units digit of 56650468?
8
What is the hundreds digit of 7128313?
3
What is the hundreds digit of 92079942?
9
What is the ten thousands digit of 55903809?
0
What is the ten thousands digit of 320644908?
4
What is the tens digit of 50337542?
4
What is the hundred millions digit of 295726873?
2
What is the millions digit of 36189954?
6
What is the ten millions digit of 500597063?
0
What is the hundred thousands digit of 30250164?
2
What is the millions digit of 18770177?
8
What is the millions digit of 44418667?
4
What is the ten thousands digit of 117132408?
3
What is the millions digit of 14124583?
4
What is the ten millions digit of 85713831?
8
What is the thousands digit of 157394198?
4
What is the hundred thousands digit of 17050851?
0
What is the hundred thousands digit of 261940386?
9
What is the hundreds digit of 115771805?
8
What is the hundred thousands digit of 611911598?
9
What is the hundreds digit of 782179042?
0
What is the tens digit of 1949201289?
8
What is the ten millions digit of 151365915?
5
What is the thousands digit of 34562587?
2
What is the ten millions digit of 1084322963?
8
What is the ten millions digit of 71006253?
7
What is the tens digit of 195339102?
0
What is the tens digit of 67979446?
4
What is the tens digit of 3507819373?
7
What is the billions digit of 5339941340?
5
What is the ten millions digit of 1598967866?
9
What is the hundred millions digit of 631464944?
6
What is the ten thousands digit of 236218757?
1
What is the units digit of 1596579445?
5
What is the ten millions digit of 2080085023?
8
What is the units digit of 82130798?
8
What is the tens digit of 370641739?
3
What is the thousands digit of 127517871?
7
What is the hundreds digit of 1105122742?
7
What is the thousands digit of 16266210?
6
What is the ten thousands digit of 12424531?
2
What is the thousands digit of 43320124?
0
What is the millions digit of 17419900?
7
What is the thousands digit of 31546686?
6
What is the billions digit of 6410197730?
6
What is the hundred thousands digit of 549253886?
2
What is the hundred thousands digit of 568734485?
7
What is the billions digi